 = o**2 + o - 4. Give m(j).
2
Let g(q) = -q**3 - 5*q**2 + 6*q + 2. Suppose 91*s = 10*s - 324. What is g(s)?
-38
Let l(u) = -u**3 + 5*u**2 - 2*u - 5. Let m be l(3). Let w(r) = -r - 2. What is w(m)?
-9
Let p be ((-26)/(-4))/(-13)*2. Let l(j) = 10*j**3 + 2*j**2 - 1. Calculate l(p).
-9
Suppose 0 = -n - 3 - 2. Let c be 3 + (-3 - -1)/2. Let f(a) = -5*a + 7*a**2 + 3*a**2 + 5 - 11*a**c + 0. Give f(n).
5
Let x(k) = k**2 + 5*k + 4. Suppose -2*y + 7*y - 40 = 0. Suppose 4*t - 2*a = 4, -7*a + 3*a - y = -2*t. Suppose -3 = u - t. Determine x(u).
-2
Let z(g) = g**3 - 6*g**2 - 3*g + 7. Suppose -2*i + 5 - 17 = -5*s, 2*i - 2*s = 0. Let w(v) = -v**3 + 4*v**2 + 3*v - 6. Let y be w(i). Determine z(y).
-11
Let h(r) = -5*r + 3. Suppose 4*q = -2*l + 7*q + 7, -3*q = 3. What is h(l)?
-7
Let o(p) = 6*p**3 - 2*p**2 + p - 1. Let z(i) = 7*i**3 - 3*i**2 + 2*i - 2. Suppose -9 + 85 = -4*q. Let j = q + 14. Let l(r) = j*z(r) + 6*o(r). Determine l(-4).
4
Let l(i) be the first derivative of -i**2/2 - 3*i - 4. Suppose 7*u = 9*u - 6. Determine l(u).
-6
Let k(d) = -d + 7. Let m = -132 + 75. Let q = 62 + m. What is k(q)?
2
Let q(i) = -5*i**2 + 68*i - i**3 + 2*i**2 - 2*i**2 - 66*i + 3*i**2. Let z(h) = -h**2 - 6*h + 2. Let k be z(-6). What is q(k)?
-12
Let i(f) = -f + 3*f**2 - f**2 + 1 - f - f**2 + 5*f. Determine i(-2).
-1
Suppose -2*n = -n - 2. Suppose -l = n*l - 18. Suppose 0 = -y + 3*k + 14, y = k + l + 2. Let f(s) = -s**3 + 6*s**2 - 6*s + 6. What is f(y)?
1
Let d(v) be the first derivative of v**2/2 - 11*v - 15. Let y be d(3). Let q(h) = -h**3 - 7*h**2 + 8*h - 4. Calculate q(y).
-4
Let b(w) be the second derivative of w**5/20 - 5*w**4/12 + w**3/6 - w**2 + 2*w. Let r(n) = 2*n - 8. Let x be r(6). Determine b(x).
-14
Let j = 208 + -212. Let c(w) = w**3 + 5*w**2 + 4*w - 4. What is c(j)?
-4
Let u(s) = -s**2 + 4*s + 15. Let j be u(6). Let p(o) = -6 - 6 + 12 - j*o. Give p(1).
-3
Let d(s) be the second derivative of s**5/20 + 23*s**4/12 + 11*s**3/3 - 4*s**2 - 45*s. Calculate d(-22).
-8
Let o(d) be the second derivative of 0*d**2 + 8*d + 0 - 1/6*d**3. Give o(-3).
3
Let g(q) be the second derivative of 0 - 2*q**2 - 1/6*q**3 - 35*q. Calculate g(-6).
2
Let f(m) = 14*m**2 - 4*m - 39. Let a(p) = 3*p**2 - p - 9. Let b(x) = 9*a(x) - 2*f(x). Calculate b(-4).
-15
Let b(o) = -11*o**3 + 3*o**2 + 6*o + 2. Let w(m) = -25*m**3 + 7*m**2 + 13*m + 5. Let g(c) = -9*b(c) + 4*w(c). Give g(0).
2
Let h(p) = -p**3 + 14*p**2 - 11*p - 21. Let k be 1*((-34)/(-17) + -1 + 12). Give h(k).
5
Let f(j) be the second derivative of -j**3/3 + 3*j**2 - 41*j. Let t be 12/42 + 33/7. Give f(t).
-4
Let b = -1 + 3. Let a = b - -10. Suppose 8*z - 20 = a*z. Let t(m) = -m**2 - 4*m - 6. Calculate t(z).
-11
Let a(y) = 13*y + 14*y + 3 - 25*y - y**2. Let w = 39 - -15. Let k be 36/w - (-32)/6. Calculate a(k).
-21
Let b(v) be the second derivative of -1/3*v**4 + 2*v + 0*v**2 - 2/3*v**3 - 1/20*v**5 + 0. Let w be (1 - 3) + 52/(-13) - -3. Determine b(w).
3
Let p(g) = g**2 - g + 2. Let y be (6 - -15)*2/(-3). Let n = -12 - y. What is p(n)?
4
Let r be (13 - 14)*9/3. Let m(t) = 6*t + 4. Determine m(r).
-14
Let l(o) = o**2 + 14*o + 13. Let u = -853 - -840. Determine l(u).
0
Let y(v) be the third derivative of -v**6/120 + v**5/10 - 7*v**3/6 + 78*v**2. Give y(5).
18
Let p(w) be the second derivative of 3/2*w**2 + 0 + 1/6*w**4 + 20*w + 5/6*w**3. Determine p(-4).
15
Let z(c) = 6*c - 39. Let d be (-1)/((-47)/1316*(5 - 1)). Determine z(d).
3
Let w(q) = 127*q - 2536. Let j be w(20). Let s(l) = 3*l**3 - l**2 - 5*l**2 - 5 - 2*l**3 + 5*l. Calculate s(j).
-17
Suppose 0 = -2*c - 2*c + 16. Let z(q) = -c*q - 6*q**2 + 3*q + 3*q**2 - 2 - q**3 + q**2. What is z(-2)?
0
Suppose -y = -0 - 4. Let n be y/3 - 2/6. Let f(z) = -2*z**2 - n + z + 3*z - 2. What is f(2)?
-3
Suppose 2*u - 15 = -3*u - f, 2*u - 6 = -2*f. Let l be (-1)/u + (-35)/(-15). Let b(i) = 4*i + 2. Determine b(l).
10
Let d(m) = -5*m + 44. Suppose -3*u = -2*b + 24, -2*b - 15 = -3*b + 3*u. Determine d(b).
-1
Suppose 8 = -4*a + 32. Let c(g) = -g**3 + 11*g**2 - 52*g - 3. Let p(s) = -2*s**3 + 21*s**2 - 93*s - 5. Let f(x) = 9*c(x) - 5*p(x). Give f(a).
-20
Let c = -5 - -9. Let y(m) = -1 - 6 + c - 68*m + 70*m. Determine y(2).
1
Let p(n) = 33*n - 196. Let s be p(6). Let l(a) be the third derivative of -5*a**s + 0*a + 1/8*a**4 + 1/60*a**5 + 0 + 1/2*a**3. Calculate l(-5).
13
Let r(a) = -a**2 - 10*a - 2. Let m(w) = -9*w - 1. Let k be m(1). Let h = k - 0. What is r(h)?
-2
Let n(j) be the second derivative of -j**4/12 + j**3 + 2*j**2 + 17*j + 6. Determine n(6).
4
Let c(p) = -p**2 + 3*p + 21. Let q be c(0). Suppose -u = -5*h - q, -4*u - 4*h - h = -9. Let y(a) = a**2 - 7*a + 8. Determine y(u).
2
Let p(j) = j - 5. Let f(d) = -2*d + 9 + 9 - 8 + 12. Let k be f(11). Suppose 4*t + 5*w - 5 = k, t + 1 - 4 = -3*w. Determine p(t).
-5
Let f(q) = 2*q + 3. Let b(r) = -5*r - 8. Let c(z) = 3*b(z) + 8*f(z). Let d = -4338 + 4333. Give c(d).
-5
Suppose 0 = -17*q + 13*q + 20. Let i(c) = -5*c**3 + 5*c**2 + 5*c - 6. Let b(m) = 6*m**3 - 5*m**2 - 6*m + 6. Let n(u) = 4*b(u) + 5*i(u). Calculate n(q).
-1
Let a(i) = -i**2 + 10*i + 3. Let s be a(5). Let w(c) = 4 + 16*c + 17*c - s*c. Suppose 0 = -6*g + 7*g + 4. Calculate w(g).
-16
Let j(h) be the second derivative of -h**4/12 - 5*h**3/6 + 3*h**2 + 4*h + 226. Let o be 1*(-5)/(-1 - -2). What is j(o)?
6
Let x(z) be the second derivative of -z**3/3 + z**2/2 + 170*z. Determine x(5).
-9
Let x(g) = 5*g**3 + 2*g**2 + 5*g + 4. Let n(q) = 14*q**3 + 6*q**2 + 14*q + 12. Let l(u) = -6*n(u) + 17*x(u). Suppose -13 = -5*b + 2. Give l(b).
8
Let q(d) be the second derivative of d**7/840 + d**6/360 - d**5/120 + 3*d**4/8 + 7*d**3/2 - 18*d. Let n(g) be the second derivative of q(g). Give n(0).
9
Let r(q) = -q**3 + 5*q**2 - 4*q - 3. Let i = 24 - 14. Let u be (12/i)/(28/210). Suppose -4*y + u*y = 20. Calculate r(y).
-3
Let q(x) be the first derivative of 2*x**3 + x**2/2 - 3. Let b be (-1)/((-3)/(-3*6)). Let s be (-4)/(-3) - (-2)/b. Determine q(s).
7
Let v(w) = -w**3 - 3*w**2 + w. Suppose -d = 2*d - 2*g + 19, d - 4*g + 23 = 0. Let a = -3 + d. Let i be -1 + -1 - (7 + a). Give v(i).
-3
Let i(l) = -3*l + 14 - 11 + l + 0*l. Let w = -3 - -9. What is i(w)?
-9
Let q(i) = -i**3 + i**2 + 2*i + 1. Let s(d) = 4*d - 65. Let r be s(16). Calculate q(r).
1
Let x(m) = -m. Let d(o) = -3*o + 6. Let q(t) = d(t) - 2*x(t). Let b = -15 - -19. Let g be 1*(b + 4/(-1)). What is q(g)?
6
Let p(g) = 3*g + 6. Let d be p(5). Suppose 4*a = 7*a - d. Let f(s) = -s**2 + 5*s + 6. Calculate f(a).
-8
Suppose u - 13 = 2*q - 0*q, 0 = -2*u + 5*q + 28. Suppose -5*x + 0*x + u = m, 4*m = 2*x - 8. Let f(l) = l. Give f(m).
-1
Let v(n) = -n**2 + 2*n - 4. Let b(z) = -z**2 + 2*z - 6. Let x(y) = -4*b(y) + 5*v(y). Determine x(3).
1
Suppose -2*l = 3 - 13. Let z(j) be the third derivative of -j**4/8 + j**3 + 2*j**2 - 112*j. Give z(l).
-9
Let a(t) = -6*t**2 + t. Let x(q) = 4*q - 139. Let m be x(35). Calculate a(m).
-5
Let s(d) be the first derivative of -5*d - 9 + 4/3*d**3 - 3/2*d**2 + 1/4*d**4. Give s(-4).
7
Let f(l) = -2*l - 64. Let n(i) = -i - 35. Let u(q) = 4*f(q) - 7*n(q). Calculate u(-16).
5
Let z(x) = -18*x**3 + x. Let j = 130 + -123. Suppose 0 = -3*r + 2*s + 6 + j, -s = 5*r. Give z(r).
-17
Let d(u) = -13*u - 17. Let a(v) be the first derivative of 3*v**2/2 + 4*v + 2. Let m(x) = -18*a(x) - 4*d(x). Calculate m(-4).
4
Let t = -73 - -74. Let f be 2/(-8) + (-14)/8*t. Let v(q) = 2*q**3 + q**2 - q + 1. Determine v(f).
-9
Suppose o - 6 = 3*q, -40 = -4*o - 6*q + 2*q. Let j(m) = m**2 - 9*m - 4. Give j(o).
-4
Suppose 51*o - 55*o = 4. Let v(s) = -27*s + 1. Determine v(o).
28
Let p(t) = 9*t**2 - 4*t + 25. Let l(k) = -3*k**2 + 3*k - 12. Let r(n) = -5*l(n) - 2*p(n). What is r(-4)?
-10
Let k(q) = q**3 + 6*q**2 + 5*q + 4. Let n be k(-5). Let j = -4 + 6. Let v(b) = 2*b - j*b + 4 + 0*b + b. What is v(n)?
8
Suppose -8 = -2*m - 2. Let a(o) be the second derivative of -o**4/12 + o**3/6 - o**2/2 - 433*o. Determine a(m).
-7
Let i(n) = 19*n - 23. Let l(x) = -32*x + 35. Let a(m) = 8*i(m) + 5*l(m). Give a(-4).
23
Let f(g) be the second derivative of -12*g + 1/12*g**4 - 2*g**2 + 1/2*g**3 + 0. What is f(-6)?
14
Let j be 2/4*(-15 + 3). Let m(c) be the third derivative of c**6/360 + c**5/20 + c**4/24 - c**3/2 - 8*c**2. Let z(t) be the first derivative of m(t). Give z(j).
1
Let w(y) be the seco